ommon divisor of 9 and h.
9
Let f be (-13 - -1)/((-159)/106). Let m(w) = w**3 - 5*w**2 - 19*w + 90. Let v be m(f). What is the greatest common divisor of v and 10?
10
Let k be 0 - (0 + -234) - 9. Calculate the greatest common factor of k and 1215.
45
Suppose 10*p + 615 = 15*p + 5*z, -2*z - 4 = 0. Calculate the greatest common factor of 47875 and p.
125
Let o(m) = 2*m**3 + 2*m**2 - 11*m + 105. Let f be o(0). Calculate the greatest common divisor of 371 and f.
7
Suppose -8*x = -3*x + 50. Let z(k) = k - 1. Let w(l) = -13*l - 35. Let v(a) = w(a) - 6*z(a). Let b be v(x). Calculate the greatest common factor of 23 and b.
23
Suppose 4*f - 623 - 13 = 0. Suppose 0 = -f*u + 155*u + 72. Let g = -121 - -184. Calculate the greatest common factor of u and g.
9
Suppose -26*g + 52 + 3326 = 102. What is the greatest common divisor of 532 and g?
14
Let b(o) = 2*o + 24. Let x be b(-10). Suppose -3*l = x*l - 7. Let c be -13 + 16 + (88 - l). Calculate the greatest common factor of c and 10.
10
Suppose -n = -10 - 0. Suppose -n*t = -8*t - 480. What is the greatest common factor of t and 10?
10
Let p = -75 - -80. Let y(r) = r**3 - 6*r**2 + 3*r + 12. Let q be y(p). Suppose 28*v - q = 26*v. Calculate the greatest common divisor of 13 and v.
1
Suppose -2*c + 40 = 32. Let b be (632/22)/c + (-12)/66. Suppose 5*a - 106 = -36. Calculate the highest common factor of b and a.
7
Let l be (-46442)/66 - 8/6. Let m be -5 - l/((-6)/(-2)). What is the greatest common factor of m and 23?
23
Suppose -7674 = -137*c + 23014. Calculate the greatest common divisor of c and 376.
8
Suppose z = 3*z - 24. Suppose -2*p + p + 6 = t, 0 = p + 3*t - z. Let o be 15/(3*p/162). Calculate the highest common factor of o and 30.
30
Let j be 145/6 - 5/30. Let u(x) = 10*x**2 + 39*x - 1. Let k be u(-7). What is the highest common divisor of j and k?
24
Let a = 6823 - 6822. What is the highest common divisor of 5 and a?
1
Suppose 4*d - 1478 - 170 = 4*w, -1612 = -4*d + 10*w. Suppose s - 21 = 17. Calculate the greatest common factor of s and d.
38
Let r(s) = 126*s + 403. Let w be r(3). Let d be 69*1 + 8/4. Calculate the highest common factor of d and w.
71
Let l = -25853 + 27275. Calculate the highest common factor of 1106 and l.
158
Let x = -480 - -273. Let a = x - -506. What is the greatest common divisor of a and 26?
13
Let k(q) = -73*q**2 - 3 + 3*q - 4*q + 75*q**2. Let i be k(2). Calculate the greatest common factor of 11 and i.
1
Let k be (-20)/(-32) - 1 - 455/(-40). Suppose -k*x = -18*x + 266. What is the highest common factor of 114 and x?
38
Suppose 2*f = x - 463, -5*f = -2*x + 493 + 435. Let m = 467 - x. Let j = 10 - 2. Calculate the greatest common divisor of j and m.
8
Suppose 750 - 10992 = -12*i + 2238. Calculate the greatest common divisor of 130 and i.
130
Let l(k) = -308*k - 1516. Let h be l(-5). What is the highest common factor of h and 738?
6
Let u be (-314)/(-4) + 3/(-6). Suppose 401 = 2*g - 3*f, -11*g - 827 = -15*g + f. Calculate the greatest common divisor of u and g.
26
Let x = 390 + -450. Let w be (-12)/x + (-558)/(-10). What is the greatest common factor of 952 and w?
56
Let y = 20555 + -17882. What is the highest common factor of 165 and y?
33
Let v = 99 + -97. Suppose -3*g - 16 = -v*n + 55, 0 = 4*g + 4. Let r be ((-119)/2)/((-1)/2). What is the greatest common divisor of r and n?
17
Suppose 3*g - 4*r - 127 = 0, -786*g - 3*r + 120 = -783*g. What is the greatest common factor of 1148 and g?
41
Let b = 2815 + 8257. What is the greatest common factor of 173 and b?
173
Suppose v - 5*l = 812, 32*v - 822 = 31*v - 5*l. What is the greatest common factor of 2193 and v?
43
Let z = -470 - -481. Let n(j) = 3*j - 27. Let i(r) = -r + 13. Let y(w) = 5*i(w) + 2*n(w). Let k be y(z). Calculate the highest common divisor of 55 and k.
11
Suppose -4*x + 5*n + 267 = 8*n, 4*x - 3*n - 261 = 0. What is the greatest common divisor of 429 and x?
33
Let x = 45 - 42. Suppose 12 = 5*k - x*k. Suppose -m - k*l + l = -16, -5*m - 2*l + 103 = 0. What is the greatest common divisor of 63 and m?
21
Let v = -64 + 112. Suppose -3642 = -10*c + 448. Suppose 9*r - 455 = c. What is the greatest common factor of v and r?
48
Let u = 200 + -201. Let p be 2/((-21)/35 + (0 - u)). What is the highest common divisor of 40 and p?
5
Let s = 8263 + -7504. What is the highest common divisor of s and 552?
69
Suppose 0*z + 242 = 2*z - 2*c, 0 = 5*z + 3*c - 573. Suppose -3*h + 48 + z = 0. Calculate the greatest common divisor of h and 5.
5
Suppose 0 = 75*v - 132*v + 1254. Calculate the highest common divisor of 55 and v.
11
Suppose 2825 + 22806 + 16873 = 44*q. What is the highest common divisor of q and 782?
46
Suppose 0 = 2*i - 3502 + 3322. What is the greatest common divisor of 1053 and i?
9
Let d = -1370 + 1375. What is the highest common divisor of d and 160?
5
Let i(q) = 8*q**2 - 36*q - 607. Let p be i(-25). What is the highest common factor of p and 67?
67
Let h = -18 - -22. Let u(c) = 6*c + 6. Let b be u(h). Let y be 1916/16 + 1*(-1)/(-4). Calculate the highest common divisor of y and b.
30
Let b be ((-25)/(-20))/((-99)/(-48) + -2). What is the greatest common factor of 6260 and b?
20
Let s = 123 + -116. Suppose s*b - b = 360. What is the greatest common factor of b and 20?
20
Let q be (98/6)/((-6)/(-18)). Let l be ((-1920)/1280)/(3/(-98)). What is the highest common divisor of l and q?
49
Let h = 17114 + -17058. Let o be 1869/15 - (-4)/10. Suppose -3*q + o + 295 = 0. Calculate the highest common divisor of q and h.
28
Let p(s) = 6*s**3 - 5*s**2 + 4*s - 44. Let v be p(8). Calculate the highest common divisor of 60 and v.
20
Let c = 2144 + -2. What is the greatest common divisor of 595 and c?
119
Let m(y) be the first derivative of 5*y**3/3 + 57*y**2 - 3*y - 92. Let d be m(-23). Calculate the highest common divisor of 25 and d.
5
Suppose 5*w = -10, -3*v + 5*w = v - 4990. Suppose 0 = 4*q - 6*q + 30. Calculate the highest common divisor of q and v.
15
Suppose 5*d = -k + 130, 0*k = -3*k - 3*d + 366. Suppose 18*z - 432 = 9*z. Suppose -336 = 41*r - z*r. Calculate the greatest common divisor of k and r.
24
Suppose 0 = -3*v - 5*f + 6*f + 217, 229 = 3*v - 4*f. What is the highest common divisor of v and 2272?
71
Suppose -228 = k - 244. Suppose 0 = 3*m + 15, 0*m = 4*p - 2*m + 18. Let x be (-1032)/(-42) - (-4)/p. What is the highest common divisor of k and x?
8
Suppose 233*z - 295*z + 2838360 = 0. What is the greatest common factor of 28 and z?
28
Suppose -70 = 7*t - 1246. Suppose 6 = 169*v - t*v. Suppose 0*s - 2*s = -16. What is the highest common factor of v and s?
2
Let x(b) = -b**2 - 14*b - 49. Let q be x(-8). Let s be 84/(-24)*(-5 - q). What is the highest common divisor of 329 and s?
7
Suppose 4*d + 4*h - 1448 = 0, -126*h + 121*h = -40. Calculate the highest common factor of d and 4779.
177
Let j be 42*1/(-3)*(-1 + -71). Calculate the greatest common factor of j and 192.
48
Let d(w) = 4*w**2 - w - 699. Let t be d(-15). What is the highest common divisor of t and 400?
8
Suppose -4*g - 2*v = v + 5, 4*v + 6 = -5*g. Let f be -795 + (-18)/(-22) + g/(-11). Let i = -509 - f. Calculate the highest common factor of 15 and i.
15
Let b be (-6)/(-3 + (-3)/(-3)) + -15. Let n be (-681)/b - 6/8. Suppose 55*w + 140 = n*w. Calculate the greatest common factor of 20 and w.
20
Let n(j) = 52*j**2 + 15*j - 30. Let r be n(2). Let s = 373 - r. Let p be ((-6)/(-4))/((-2)/(-20)). What is the greatest common factor of s and p?
15
Let u be 1 + -1 + (-4 - (-6 + -424)). Suppose -k + s - 888 = -5*k, 4*s = 2*k - u. What is the greatest common factor of 17 and k?
17
Let c(a) be the second derivative of a**3 + 47*a - 2. Let d be c(3). What is the greatest common divisor of 12 and d?
6
Let i = 455 - 405. Let d(k) = -2*k**2 - k + 3. Let z be d(3). Let s = i + z. Calculate the highest common factor of 24 and s.
8
Let p(d) = -d**2 + 6*d + 28. Let o be p(11). Let g be (-16)/(-6)*1*o/6. Let w be 72/4 - g/(-3)*1. What is the highest common divisor of w and 70?
14
Suppose -y + 8*z + 588 = 0, -102*z = -107*z - 20. What is the highest common factor of y and 32?
4
Let b(u) = -2*u**2 + 8*u + 16. Let a(r) = -3*r**2 + 18*r + 31. Let y(c) = 3*a(c) - 7*b(c). Let x be y(4). Calculate the greatest common factor of 212 and x.
53
Let y = -1728 - -1861. What is the greatest common divi